3*n + 35 + 18 = 0, 5*b + 2*n = 68. Calculate the remainder when b is divided by q.
6
Let d = -32 - -69. Calculate the remainder when d is divided by 20.
17
Let j = 31 - 28. Calculate the remainder when 3 is divided by j.
0
Suppose 26 - 106 = -5*s. Calculate the remainder when s is divided by 6.
4
Suppose -5*k = -4*p - 31, -5*k + 3*p = -2*p - 35. Let h = k - 9. What is the remainder when (5 + h)/(2/(-4)) is divided by 2?
0
Let j = 78 - 60. What is the remainder when 31 is divided by j?
13
Suppose -3*c - 4*h + 29 = 3, 5*c + 3*h - 36 = 0. Let o = c + 12. Suppose o = z + z. Calculate the remainder when 16 is divided by z.
7
Let t be ((-6)/10)/((-3)/30). Let o be (6 - t)/(-1 + -1). Suppose 0 = -5*f - o*f + 25. Calculate the remainder when 8 is divided by f.
3
Suppose 7*p + 2*b = 2*p + 63, 0 = -3*p + 4*b + 43. What is the remainder when p is divided by (-22)/(-3) + 4/6?
5
Suppose 7*p = 10*p - 9. Suppose -2*y = 5*c + 3*y - 65, 49 = 4*c + p*y. What is the remainder when c is divided by 3?
1
Let v be -2 + (1 - -3) + 0. What is the remainder when 17 is divided by (-4)/v*(-6)/2?
5
Suppose -4*i - 3*f + 96 = -2*f, 41 = i - 4*f. Calculate the remainder when i is divided by 7.
4
Suppose -16 = 3*m - 7*m. Calculate the remainder when 896/42 - m/(-6) is divided by 8.
6
Suppose -13*c - 490 = -18*c. Calculate the remainder when c is divided by 20.
18
Suppose 9*k = 11*k - 34. What is the remainder when k is divided by 9?
8
Let v(d) = -d**2 - 3*d - 2. Let p be v(-5). Let i = 6 + 4. What is the remainder when i is divided by (32/p)/((-2)/3)?
2
Suppose 18 = -10*a + 158. Calculate the remainder when (-4)/((-8)/(-27))*-2 is divided by a.
13
Suppose -55 + 184 = 3*t + 3*w, 0 = -4*w. Calculate the remainder when t is divided by 11.
10
Suppose 3*s - s = 162. Suppose 0 = 3*c - s - 78. Calculate the remainder when c is divided by 18.
17
Let f = 4 + 31. Let k = 52 - f. Suppose t - 12 = k. Calculate the remainder when t is divided by 10.
9
Suppose 5*n - 5*x - 1990 = 0, 2*n + 3*x = -3*n + 1966. Suppose 0*h - n = -5*h. Calculate the remainder when h is divided by (26 + 1)/(18 - 1 - 16).
25
Suppose 2*m + 2 = -0*m, f - 14 = 3*m. Let z(x) = -x**2 + 8*x - 6. Let b be z(7). Let s(k) = 5*k + 1. Calculate the remainder when f is divided by s(b).
5
Let n be (-1 - -10)/(-3) + 1. Let w(s) = s**3 + 7*s**2 + 4*s - 4. Calculate the remainder when w(-6) is divided by (1 + -7)/(n + 0).
2
Let p be (-3)/(-12) + (-22)/(-8). What is the remainder when 4/((-4)/p) + 20 is divided by 9?
8
Suppose 4*i = 5 - 1, 63 = c - 2*i. Let x = c + -36. Calculate the remainder when x is divided by 16.
13
Let l be 1/((-1)/50*-2). Let p = -12 + l. Calculate the remainder when 24 is divided by p.
11
Calculate the remainder when (15 - -1)*(-40)/(-16) is divided by 44/3 - (-6)/(-9).
12
Suppose 90 - 274 = -i. Suppose 5*h = -v + i, -4*h + 3*v + 151 = -0*v. Calculate the remainder when h is divided by 13.
11
Let k = -3 + 5. Suppose -2 = -4*b - 3*y - 6, 5*y = 2*b + 28. Let h = b + 6. Calculate the remainder when k is divided by h.
0
Suppose 0 = -t + 2 - 7, 5*y + 5*t = -5. Let p = 15 - 12. Suppose g + 88 = 6*g - p*n, 0 = g + y*n - 36. Calculate the remainder when 38 is divided by g.
18
Suppose -t + 20 = 2*m, -t - 3*t + 20 = -4*m. Suppose 18*u - 68 - 40 = 0. Calculate the remainder when t is divided by u.
4
Let u = -12 + 52. Suppose 2*x - 5*p + 225 = 7*x, x + 2*p = u. Suppose -5*n + x = -0. What is the remainder when 19 is divided by n?
9
Let b be 72/(-21) + 12/28. Calculate the remainder when b + (18 - (0 - -3)) is divided by 5.
2
Suppose -1 - 5 = -a. Let m = 38 - 22. Calculate the remainder when m is divided by a.
4
Suppose -5*z - 75 = -10*z. Let n = 37 + -8. Calculate the remainder when n is divided by z.
14
Suppose -4*p + 139 = -33. Calculate the remainder when p is divided by 16.
11
Suppose 2*n + 3*n = -50. Let j = n - -16. Calculate the remainder when j is divided by 3.
0
Let w(t) be the second derivative of t**3/3 - t**2 + t. Let u(p) = -p**2 + 18*p + 24. Calculate the remainder when w(5) is divided by u(19).
3
Let m = -51 - -31. What is the remainder when 56/6 + 1/(-3) is divided by m/6*18/(-12)?
4
Suppose -5*k + 3 = -m, 2*m + 0*m = -4*k - 6. Let x = k + -1. Let s = x + 22. Calculate the remainder when s is divided by 12.
9
Let c(v) = 2*v**2 - 3*v - 2. Let j be c(3). Let p = 8 + j. Let m = 8 + p. What is the remainder when m is divided by 12?
11
Let c(z) = -29*z**2 - 7*z + 1. Let s(o) = o**2 - o. Let q(r) = -c(r) + 6*s(r). What is the remainder when q(1) is divided by (-1 - (-4)/6) + 111/9?
11
Suppose -53 = g + 2*q, -2*g + 3*q = -2*q + 88. Let v = -28 - g. Calculate the remainder when ((-62)/6 - 3)*-3 is divided by v.
19
Let o(u) be the third derivative of u**5/60 + u**4/4 - 11*u**3/6 + 3*u**2. What is the remainder when 8 is divided by o(-8)?
3
Suppose -6 = 4*z + 2*g, 3*z - 6 = g - 3. Let t = z - -11. Let s(f) = -f + 48. Calculate the remainder when s(6) is divided by t.
9
Suppose 5*g - 2 = 8. Let o be 0/(3/(-1) + g). Suppose 3*h + o*u - 18 = 3*u, -5*h + 3*u + 20 = 0. What is the remainder when h is divided by 1?
0
Let n = 7 - 2. Suppose n*l = 5*z - 30, -l = -0*l + 2*z + 3. Let p(w) = -w**3 - 5*w**2 - 3*w - 6. What is the remainder when 17 is divided by p(l)?
8
Suppose 0*p - 28 = -2*p. What is the remainder when p is divided by (2/(-6) - -2)*3?
4
Let k(b) = -b + 16. What is the remainder when k(12) is divided by 3?
1
Suppose 0 = -0*k + 4*k - 92. What is the remainder when 44 is divided by k?
21
What is the remainder when 22 is divided by ((-3)/5 - -1)*30?
10
Let f = -5 + 37. Let y = f - 21. Let q(r) = -2*r + 2. Calculate the remainder when q(-9) is divided by y.
9
What is the remainder when 48 is divided by ((-4)/(-6))/(152/(-78) + 2)?
9
Suppose 0*j = -4*j - 16. Let w(l) = l**3 + 3*l**2 - 5*l. Calculate the remainder when 6 is divided by w(j).
2
Let n(s) = -s - 1. Calculate the remainder when 20 is divided by n(-7).
2
Suppose -3*n - 68 = -7*n. What is the remainder when 66 is divided by n?
15
Suppose -n + 4*w = -94, 0 = 3*n - 2*w + w - 271. Calculate the remainder when n is divided by 47.
43
Let f = 76 + -33. Calculate the remainder when f is divided by 222/15 + 1/5.
13
Let z(h) = 2*h**3 - 4*h**2 - 3. Let r be z(3). Suppose w - r = -3. What is the remainder when w is divided by 5?
2
Let m = 127 + -226. Let n = -40 - m. Calculate the remainder when n is divided by 15.
14
Let j be 121/4 + (-1)/4. Suppose 5*c - 3*r = j, 17 = 3*c - 5*r - 17. Suppose 4*p = 21 + c. What is the remainder when 10 is divided by p?
4
Suppose 0 = 4*q + 3*t - 49, 6 + 3 = 3*t. Suppose -4*k - q = -26. Calculate the remainder when k is divided by 3.
1
Let w(h) = -h**3 + 2*h**2 + h - 1. Let p be w(2). Calculate the remainder when 17 is divided by p/(0 - (-2)/10).
2
Let c = -10 - -10. Suppose -54 = -0*q - 5*q + 4*d, -2*d - 2 = c. Calculate the remainder when 39 is divided by q.
9
Suppose 95 = w + 4*w. Suppose w = 2*j + 1. What is the remainder when 26 is divided by j?
8
What is the remainder when 24 is divided by (-1 + 10)/((-5)/(-5))?
6
Let k be -2*(-5)/(-2)*1. Let d = -25 + 39. What is the remainder when k*((-4)/2 + -6) is divided by d?
12
What is the remainder when (-2)/(-4) + (-121)/(-2) is divided by 32?
29
Suppose 0 = -114*r + 108*r + 180. Suppose 233 = 3*m - 31. What is the remainder when m is divided by r?
28
Let o(z) = -1 - 34*z + 1 + 1 + 5*z. What is the remainder when o(-1) is divided by 8?
6
Let o(f) = -f**3 - 4*f**2 + 6*f + 6. Let u(n) = n**3 + 5*n**2 + 3*n + 17. Calculate the remainder when u(-5) is divided by o(-5).
0
Suppose 0*t + 3*t + 15 = 0. Suppose -3*p = 4*w + 26 - 3, 2*p = 4*w - 2. Calculate the remainder when w/t - 54/(-15) is divided by 2.
0
Suppose -2*b - 5*y + 42 = 0, -4*y + 94 = 4*b + y. Let q(r) = 2*r - 5. Let u be (-1)/(2 + 0)*-14. What is the remainder when b is divided by q(u)?
8
Suppose 4*p + 90 = 14. Let y = p - -33. Calculate the remainder when 27 is divided by y.
13
Let x = 78 - 42. Calculate the remainder when x is divided by 19.
17
Calculate the remainder when ((-16)/10)/((-2)/20) is divided by 9.
7
Suppose 2*w = -3*w + 160. What is the remainder when (-5 + 0)/((-4)/w) is divided by 14?
12
What is the remainder when 292 is divided by ((-700)/75)/((-4)/18)?
40
Let v = -4 + 6. Suppose 4*f - 16 = 2*o - o, -v*f 